= -142*l**2 - 71*l + 30. Let d(w) = 13*a(w) + 6*h(w). Calculate d(p).
7
Let i(l) be the third derivative of l**5/30 + 7*l**4/24 - 14*l**3/3 - 3082*l**2. Calculate i(-9).
71
Let u(g) = -13*g + 140. Let w be u(11). Let t(q) = -3*q**3 - 8*q**2 + 14*q - 11. Let j(h) = h**3 + 3*h**2 - 5*h + 4. Let n(v) = w*t(v) - 8*j(v). Determine n(3).
22
Let b be 66/(-352) + 115/16. Let l(k) = -k**3 + 8*k**2 - 7*k + 4. Give l(b).
4
Let t(h) = h**2 + 24*h + 26. Let v be t(-23). Let l(s) = -4 + 6 + s + 2 - 11. Give l(v).
-4
Let r(v) = -5*v**2 + 214*v + 40. Let g be (172/3)/(476/(-84) - -7). Give r(g).
-3
Let q(k) = k**2 + 19*k + 90. Let m be q(-11). Let f(x) = -6*x - 4*x**2 + 6*x - 2*x - 6 - x + 5*x**m. What is f(0)?
-6
Let s(w) = 17*w**2 + w**3 + 4*w + 26*w**2 + 24*w**2 - 66*w**2 + 99. What is s(0)?
99
Let r(c) be the third derivative of 2/3*c**3 - 15*c**2 + 0*c + 5/24*c**4 + 1/120*c**6 + 0 - 1/10*c**5. Let w be (-6)/(-9)*(3 - -3). Calculate r(w).
-8
Suppose -21 = -3*g + 3*c, 0 = -15*c + 19*c + 20. Let l(v) = v**3 + 2*v**2 - 3*v + 2. What is l(g)?
12
Suppose 0 = x + 1, -25 = -2*m - 0*m + x. Let o(f) = f**3 - 12*f**2 - 4*f + 38. What is o(m)?
-10
Let v(r) = 25*r**2 - 45*r + 129. Let l(m) = -2*m**2 + 2*m - 10. Let u(z) = -22*l(z) - 2*v(z). Give u(7).
-10
Suppose -5*z = -3*p + 399 + 688, 5*p = 5*z + 1795. Let f = p - 352. Let q(s) be the first derivative of -2*s**3/3 - s**2/2 - 2*s + 1. Determine q(f).
-12
Suppose -7*b - 33 = -4*b + 3*s, -3*s - 3 = -2*b. Let y(d) = 24*d + 147. Determine y(b).
3
Suppose 8*n = 25 + 7. Suppose p + 18 + 7 = n*y, 3*y - 13 = -5*p. Let q(f) = -f**2 + 2*f + 5. Calculate q(y).
-19
Let z(u) = -1403*u + 4212*u - 1397*u - 1406*u + 16 + 39. Determine z(-10).
-5
Let n = 16 - 8. Let f(l) = -32*l - 14. Let u(c) = 11*c + 5. Let z(h) = n*u(h) + 3*f(h). Let g be (((-2)/6)/((-58)/(-261)))/(6 - (-63)/(-12)). Determine z(g).
14
Let o(t) = 6*t + 16. Let k be 12/(-2)*1392/928. Determine o(k).
-38
Let m(q) = 1. Let l be ((-1)/(-1))/(((-76)/16)/19). Let v(b) = b**3 - 11*b**2 + 10*b + 6. Let z(w) = l*m(w) + v(w). Calculate z(10).
2
Suppose 7*c - 34 = -4*z + 5*c, -2*c = 5*z - 45. Suppose -z*j + 14 = -10*j. Let q(d) = -2 - 3 + 4 - 22*d + j*d. What is q(-1)?
7
Let g(m) be the third derivative of 7*m**6/720 - m**5/120 + 2*m**4 + 67*m**2. Let t(p) be the second derivative of g(p). Calculate t(-2).
-15
Let m(x) = 9*x - 60. Suppose 8*h + 3*c = 70, 4*h + 9*c - 5*c = 20. Give m(h).
39
Let f(u) = u**2 + 3*u - 12. Let b be 1/((-33)/6 + 2)*-7 + -7. Calculate f(b).
-2
Let q(p) = p**3 + 25*p**2 + 26*p + 54. Let r be q(-24). Suppose -4*x + 39 = 3. Let f(u) = 7 + 7*u - x - 6*u. Calculate f(r).
4
Let x(f) = 5*f - 10. Let a be x(2). Suppose 6*u + 16 - 64 = a. Let g(h) = h**3 - 7*h**2 - 8*h + 2. Give g(u).
2
Let p = 1 - -4. Let y(t) = 7*t**3 + 2*t**2 - 25*t - 7. Let v(a) = 20*a**3 + 5*a**2 - 72*a - 20. Let x(i) = -6*v(i) + 17*y(i). Calculate x(p).
11
Suppose -5 = 3*b - 6*b - d, 2*d = 10. Suppose b = 28*y + 121 - 9. Let m(k) = 1 + k**2 + 6*k - 2*k - k. Determine m(y).
5
Let q(f) = 245214*f**2 - 122606*f**2 - 122607*f**2 - 14*f + 61. Give q(8).
13
Let j(o) be the first derivative of -o**4/4 - 7*o**3/3 - 2*o**2 - 3*o - 2. Suppose -17*p + p = -32. Let t be (-484)/77 + -3*p/(-21). Determine j(t).
-15
Let a = 31520 + -31526. Let q(u) be the second derivative of u**5/20 + u**4/2 - u**3/6 - 3*u**2/2 + 2*u. Determine q(a).
3
Let s(b) be the second derivative of b**3/6 - 25*b**2/2 - 433*b - 2. What is s(15)?
-10
Let p(h) be the third derivative of -h**5/60 - h**4/6 + h**3/6 + 675*h**2. Let g = 8 - 12. Give p(g).
1
Suppose -l = t - 5, 21 = 3*l + 5*t - 0*t. Suppose -2*i + 2 = 0, l*c + 0*i + 88 = 4*i. Let h be 33/(-7) + 12/c. Let a(k) = -k**2 - 8*k - 7. What is a(h)?
8
Let c(h) = 2*h - 21*h**2 + 10 + 1 - 30*h**2 - 6*h + 52*h**2. Give c(2).
7
Let w(y) = -y**2 - 2*y - 1. Suppose -29*i = -0*i + 1392. Let j = -44 - i. Determine w(j).
-25
Let f(z) be the third derivative of -z**4/24 - z**3 - 2*z**2. Suppose 8*a + 63750 - 63726 = 0. Calculate f(a).
-3
Let y(q) = -58*q + 4. Let h(w) = -w - 7. Let a(k) = 52*h(k) - 2*y(k). Give a(6).
12
Let g(w) = -w**3 - 31*w**2 - 12*w + 13. Let c(x) = x**3 + 37*x**2 + 13*x - 15. Let h(r) = -4*c(r) - 5*g(r). Calculate h(-5).
5
Let x = -319 - -259. Let s be x/5*((-12)/3 + 3). Let a(u) = u - 16. What is a(s)?
-4
Let t(p) = -20*p - 1. Let y(j) = j**3 - 18*j**2 + 16*j - 59. Let o(i) = 2*i**3 - 1. Let n(g) = o(g) - y(g). Let s be n(-19). What is t(s)?
-21
Suppose 7*a + 3 = 6*a. Suppose 0*w - w + 2 = 0. Let b(j) = 5*j**2 + 35*j**3 + 28*j**3 + w*j - 62*j**3. Calculate b(a).
12
Let k(y) = -6*y**2 - 12*y - 6. Suppose -o + 3 - 1 = 2*v, -5*o + 5*v - 20 = 0. Give k(o).
-6
Let p(m) = 4 - 15*m - 12*m**2 + 18*m**3 + 10 - 2 - 17*m**3. Let l(g) = 76*g + 241. Let b be l(-3). What is p(b)?
-14
Let j(w) = w. Suppose -n = -3*o + 13 + 102, 3*o = -2*n + 121. Suppose 0 = 2*d + o - 19. Let u(a) = 4*a - 1. Let m(p) = d*j(p) + 2*u(p). Calculate m(-4).
6
Suppose 3*i - 2*w - 275 = 0, 3*i - 247 = -0*i - 5*w. Suppose -i*l = -88*l - 7. Let r(q) = q**3 - 7*q**2 - q + 1. Give r(l).
-6
Suppose -5*r = 5*o - 40, 27 = 32*o - 28*o + 3*r. Let j(m) = m**3 - m**2 - 2*m + 3. Give j(o).
15
Let x(v) = 5*v**3 + 24*v**2 - 46*v + 9. Let b(f) = -4*f**3 - 23*f**2 + 44*f - 10. Let r(z) = -6*b(z) - 5*x(z). Give r(16).
-17
Let u(y) = -y + 6. Let p(d) = -2*d + 12. Let j(k) = 6*p(k) - 11*u(k). Let o be (20/28)/(3/21). Suppose 5*r = -o*i - 20, 0*r + 16 = 5*i - 4*r. Calculate j(i).
6
Let p(d) = -1 - d - 24 + 22 - 2*d**3 + 10*d**3 + 4. Determine p(-2).
-61
Let o(r) = -6649 + 16*r**2 + 6670 + 5*r - 29*r. Let u(s) = 3*s**2 - 5*s + 4. Let l = -5 + -6. Let m(k) = l*u(k) + 2*o(k). Give m(7).
-2
Let p(g) = -3*g - 2 + 3*g - 2*g - 4. Suppose 0*r = 2*q + 5*r + 30, 4*q = -r - 24. Let n be ((-3)/(-9))/(q/75). Determine p(n).
4
Let f(y) = -43*y. Let q = 225 + -219. Let s(i) = 45*i. Let g(d) = q*s(d) + 7*f(d). Give g(1).
-31
Let n(k) = 33*k - 496. Let d be n(15). Let p(z) = -49*z**2 - 5*z. Let a(b) = 25*b**2 + 2*b. Let j(f) = 7*a(f) + 3*p(f). Calculate j(d).
29
Let v(m) = -11*m + 9 + 27*m + 12*m - 54. Determine v(3).
39
Let p(w) = 8*w**2 + 137*w + 62. Let o(s) = 3*s**2 + 53*s + 25. Let k(r) = -13*o(r) + 5*p(r). Calculate k(-3).
6
Let x be (2/6)/((-28)/504) - -584. Let c = x + -571. Let b(l) = -l + 14. Calculate b(c).
7
Let x(y) = y - 18. Let h(z) = -z**3 - 17*z**2 - 14*z + 39. Let w be 14/56 + 65/(-4). Let n be h(w). Calculate x(n).
-11
Let k(h) = 3 - 90*h**2 + 62*h**2 + 0 - 8 + 3. Calculate k(-1).
-30
Let k(x) be the first derivative of -x**6/360 + x**5/30 - 25*x**3/3 + 17. Let y(v) be the third derivative of k(v). What is y(3)?
3
Let x(l) be the third derivative of l**5/60 - 3*l**4/8 - 71*l**3/6 + 22*l**2 + 10*l + 3. Determine x(14).
-1
Let c(l) = l**3 - 6*l**2 + 8*l - 16. Let r be c(5). Let v(n) be the third derivative of n**6/30 - n**5/60 - n**4/12 - n**3/6 + 21*n**2 + 2*n. Determine v(r).
-4
Let u(y) = 288*y - 253. Let q(t) = -44*t + 42. Let z(b) = 13*q(b) + 2*u(b). Determine z(-17).
-28
Let d(c) be the third derivative of -3*c**4/8 + 7*c**3/6 - 1259*c**2. What is d(2)?
-11
Let t(i) = i**2 - i + 2. Let v(n) be the second derivative of -n**5/20 + 2*n**4/3 + n**3/2 + 3*n**2/2 + 2*n + 9. Let a(z) = -3*t(z) - v(z). Give a(11).
-9
Let d(j) = -21*j - 4. Let r(f) = 69*f**2 + 479*f - 28. Let c be r(-7). Calculate d(c).
-4
Let q = -2521 - -2520. Let b = -11 + 8. Let u be 55/(-10) + q*b/2. Let o(n) = -3*n. Determine o(u).
12
Let n = -87 - -76. Let i(l) = -l**3 - 12*l**2 - 6*l + 10. Calculate i(n).
-45
Let y(m) = -419*m + 2087. Let r be y(5). Let l(j) = 3*j**3 + 25*j**2 + 9*j - 7. Give l(r).
-15
Let n(y) = y + 7. Let s(m) be the second derivative of -8*m + 0*m**2 + 1/12*m**4 + 0 + 1/6*m**3. Let i be s(-1). What is n(i)?
7
Suppose 2*v - 4 = -5*w + 15, 5*v = 5*w - 5. Let h(b) = -4*b**2 - 2*b**3 + 3*b**3 - 2*b**3 + 0*b**w - 1. What is h(-3)?
-10
Let k(a) be the third derivative of -a**6/120 + 13*a**5/60 + a**4/24 - 11*a**3/6 + a**2 - 8. Let y be k(13). Let f(n) = n**2 + n + 1. Calculate f(y).
7
Let g(c) = -57 - 5 + 64 + 5*c. Give g(-3).
-13
Let d be (-132)/(-24)*(-7)/((-7)/(-6)). Let s(y) = -3*y - 99. Give s(d).
0
Let l(k) = -k**2 + 30*k - 122. Let q be 1 + -17 + 14 - (-5 + -2). Calculate l(q).
3
Suppose 4*b + b = 25, 0 = -5*s - 5*b + 10. 